g(v) - 4*r(v). Let k be x(-7). Suppose 8*f = 3*f + k. Is f prime?
False
Let c(p) = -75*p - 1. Let t(o) = 38*o + 1. Let a(q) = -3*c(q) - 5*t(q). Let f be a(10). Let w = f + -239. Is w a composite number?
False
Let i(g) = -65*g**2 - g + 4. Let c(x) = -32*x**2 - x + 2. Let y(n) = 7*c(n) - 4*i(n). Let f be (3/2 + 0)*(4 - 6). Is y(f) a prime number?
True
Is ((-55412)/10)/((-8)/20) a composite number?
True
Suppose 7*p = 275174 - 37041. Is p a composite number?
False
Suppose -2*f + 6*f = 4, 2*z - 37 = -f. Let x = z + -15. Is -3 - (x - (-3 + 56)) composite?
False
Let z = 250 + -124. Let u = 823 - z. Is u a prime number?
False
Is 34421 + 0/(-1 + -3 + -2) a prime number?
True
Let t = 5097 - 3580. Is t a prime number?
False
Let u(l) = 4*l**2 + 3*l - 4. Suppose 8*v - 4*v + 24 = 0. Let y(s) = 5*s**2 + 3*s - 3. Let f(i) = v*u(i) + 5*y(i). Is f(11) composite?
False
Suppose -4*a - s + 4 = -5*s, 4*s - 26 = -2*a. Suppose j + 316 = a*j. Is j a prime number?
True
Is (2418 - 0) + 2*(-4)/8 a prime number?
True
Let f be (-8)/14 + 18/7. Suppose -2*k - k - o = 297, -f*k + 2*o = 190. Let d = k + 187. Is d composite?
False
Let r(d) be the third derivative of d**5/30 + 7*d**4/12 - 13*d**3/6 - 5*d**2. Is r(12) a composite number?
False
Is 21/(-28)*4 - -36608 a composite number?
True
Suppose b + 0*c = -c + 115, -b - 3*c = -107. Suppose -2*h + b = -555. Is h composite?
False
Let u = 7954 + 14007. Is u prime?
True
Let q(z) = z**3 - 5*z**2 - 26*z - 23. Is q(15) a composite number?
True
Let j(q) = -3*q - 1. Let o be j(-11). Suppose 2*n + 20 = 4*r, -5*n = 2*r - 6*r + o. Suppose 3*a - 251 = -4*y, -r*y - 43 - 215 = -3*a. Is a a prime number?
False
Let v(g) = 2*g**3 - 8*g**2 - 4*g - 7. Suppose 0 = 4*q - 2*f + 120, -4 - 4 = -2*f. Let u be (-154)/q + (-2)/(-4). Is v(u) prime?
True
Suppose 0 = -1159*v + 1161*v - 7054. Is v prime?
True
Suppose 3*p = -p + 16. Suppose 0 = -t + p*w - 233 - 50, 3*t + 4*w = -785. Is ((-6)/3)/(6/t) prime?
True
Suppose -375 = -0*j - 3*j. Suppose -10*s + 32*s = 5368. Let m = s - j. Is m prime?
False
Suppose -3*s + 5*b + 10102 = 0, -2*b = 19*s - 21*s + 6728. Is s prime?
True
Is (-3)/(-12) - (-1 + 17303/(-4)) a composite number?
False
Let b = 15397 + -5174. Is b a composite number?
False
Let g(m) = -37 - 37 + 46*m**2 - 4*m + 79. Is g(3) prime?
False
Suppose 11*h + 2574 = 15367. Is h prime?
True
Let n(t) = 36*t**2 - 6*t - 9. Let k be n(7). Let u = k - 916. Is u a composite number?
False
Let p(f) = f - 6 - 3*f + 8*f**2 + 3 + 0*f. Is p(-4) prime?
False
Suppose -4*t = -2*t - 2*j - 92, 5*j + 138 = 3*t. Suppose a = -2*a - 3*k + 42, -8 = -4*k. Let i = t + a. Is i a prime number?
False
Suppose s = -2*v + 1264, -5*v + 6305 = -2*s + 7*s. Let x = s - 749. Is x a composite number?
False
Suppose -302929 = -24*m + 13*m. Is m a composite number?
False
Suppose -3*r - 3*u = -7914, 4*r - 11*u + 9*u - 10552 = 0. Is r a composite number?
True
Let x(g) = 4*g**3 - 11*g**2 + 7*g - 9. Let c(u) = -u**3. Let y(f) = -f**2 + 5*f - 3. Let p be y(4). Let i(o) = p*x(o) - 2*c(o). Is i(7) a prime number?
True
Suppose 2*a - 21 = u, -3*u - 10 = -a + 13. Is 1/(1442/1912 - 6/a) a prime number?
True
Suppose 5*z + o + o = 30603, -5*o = -4*z + 24489. Is z composite?
False
Let y(m) be the second derivative of -9/2*m**2 + 0 - m**3 + 1/6*m**4 + 10*m. Is y(-11) a prime number?
False
Let f be (2 - -1) + -1 + 1397. Suppose n = -0*n + f. Is n a composite number?
False
Suppose 4*t - 3*a = 722, -5*t + a = -2*a - 904. Let x = -21 + t. Is x prime?
False
Let z = -4 + 4. Suppose z*s = 3*s - 3105. Suppose -4*l - 4*q - q + 869 = 0, -5*l + s = -4*q. Is l composite?
False
Suppose -l + 0 = w - 2, -w = 5*l + 10. Suppose 5*x = -w*v + 6060, v + x - 4*x - 1192 = 0. Is v a composite number?
True
Let g(i) = 4*i**2 + 2*i - 6. Let a(m) = -3*m**2 - 2*m + 5. Let o(y) = -3*a(y) - 2*g(y). Let d be o(-3). Suppose -2*n + 69 + 193 = d. Is n composite?
False
Let p(g) = -g + 2. Let k(c) = -c - 14. Let b(h) = -k(h) - 2*p(h). Suppose z + 1 - 14 = 0. Is b(z) a prime number?
False
Suppose 0 = -23*q + 27*q - 1392. Let p = q + -147. Is p prime?
False
Is 18412/16 - 3/(-12) composite?
False
Let p(g) = 8*g**2 + 24*g + 17. Let z be p(-21). Suppose -7*i + z = -368. Is i a prime number?
True
Let g = -10199 + 27442. Is g a composite number?
True
Suppose 30*k - 8*k = 709390. Is k a composite number?
True
Let s = 22 + -19. Suppose 4*o = 3*g + 16, 2*o + s*o - 4*g = 20. Suppose 4*l + l = 5*t - 4055, 0 = -o*t - l + 3224. Is t composite?
True
Let u(l) = -l**3 + 2*l**2 + l. Let d be u(2). Suppose -d*o = -0*o - 116. Suppose 5*f - o = 47. Is f composite?
True
Suppose f = 3*f - 4. Suppose -3*m - f + 11 = 0. Is -3*(m + (-166)/3) prime?
True
Let b = -31 - -31. Suppose x + 4*j = 2*x - 343, -3*x + j + 1007 = b. Is x a composite number?
True
Is ((-300)/(-1000))/((-2)/(-40540)) a prime number?
False
Suppose 5*z = 7*z - 578. Suppose 618 = 3*v - m, 4*m + 320 = 3*v - z. Suppose -v = -3*a - 12. Is a composite?
True
Let o(h) = h**3 + 5*h**2 - 6*h + 22. Let n be o(-7). Is (199 + -5)/((-4)/n) prime?
False
Let r(s) = 5*s**2 + 56*s + 38. Let z(l) = -2*l**2 - 28*l - 19. Let x(v) = 6*r(v) + 13*z(v). Is x(14) a prime number?
True
Let c(h) = h**3 - 6*h**2 - 14*h - 13. Let j be c(8). Suppose -5*w = -0*z - j*z + 127, -2*z + 88 = -5*w. Is z composite?
True
Let d(n) = 13*n**2 - 6*n + 9. Let f(z) = -14*z**2 + 5*z - 8. Let r(b) = 6*d(b) + 5*f(b). Is r(7) a prime number?
False
Let d be (-1)/(-3) - (-201)/(-9). Is (33/(-6) + 3)*d prime?
False
Suppose 4*l - 68 = -2*a, -a + 3*a - 3*l = 47. Suppose 2*y - 564 - a = 0. Is 4*(-9)/(-12) + y a composite number?
True
Is -4 - (13286/(-8) - (-2)/(-8)) a composite number?
False
Suppose 8*p + 18*p - 1431274 = 0. Is p a composite number?
False
Let c = 72 + -67. Suppose -r - 2*u - u = -205, u + 1025 = c*r. Is r a prime number?
False
Let x be (4/(-8) + -3)/((-1)/(-2)). Is (-5260)/30*(x/2 + 2) a composite number?
False
Let q be ((-18)/75*-5)/((-3)/10). Is (2199/12)/((-1)/q) prime?
True
Suppose -4*f + 6 = 5*i + 1, -3*i + 2*f = -25. Suppose 0 = -i*s + 4*s + 789. Is s a composite number?
True
Let v(a) = -4*a**3 + 9*a**2 + 22*a + 13. Let z(s) = s**2 + 11*s + 22. Let g be z(-4). Is v(g) a composite number?
False
Let b(q) = q**2 + 1. Let f(p) = -3*p**3 + 2*p**2 + 4*p - 16. Let c(u) = -4*b(u) - f(u). Is c(5) composite?
True
Let a be (-3)/(-9) - (-40)/15. Suppose -a*k = -80 - 673. Is k a prime number?
True
Suppose 9*i - 18 + 0 = 0. Suppose -c - 3*x + 3793 = 0, -i*x + 11359 = 3*c - 3*x. Is c composite?
True
Let m(w) be the second derivative of 5*w**3/2 + 2*w**2 - 34*w. Let j be 4/18 - 86/(-18). Is m(j) composite?
False
Let u(o) = o**2 + 6*o + 9. Let m be u(-4). Let s be (5/m)/((-4)/204). Is (21/9)/((-5)/s) composite?
True
Suppose 5*v = -4*a + 11, 5*v - 3 = -3*a + a. Suppose 2*h + 2*n = 512, a*n - 297 = -3*h + 476. Is h prime?
True
Let y(w) = -613*w - 4. Let j be y(-2). Suppose 3055 = 5*r + 4*d, -3*r + 5*d - j = -5*r. Is r a prime number?
False
Suppose 36*c - 586536 = 12*c. Is c a prime number?
True
Let j(a) = -4*a - 6. Let o be j(-3). Suppose -3*x + 387 = o. Is x composite?
False
Suppose 0 = 4*u + 4, 4*u + 63 = -3*s + 4*s. Is s prime?
True
Suppose 1021 - 2936 = -5*j. Let h = -265 + j. Is h a prime number?
False
Suppose -3*b + 27 = b + 3*x, 2*b = -x + 11. Suppose b*r + r = 0. Suppose j - 4*j = 4*q - 329, r = j - 3*q - 127. Is j a composite number?
True
Let h(o) = -o**2 + 3*o + 7. Let t be h(3). Suppose 0 = 3*l - t*l + 336. Let k = l + -29. Is k a composite number?
True
Let m(k) = -k**2 + 3*k + 5. Let o be m(3). Suppose -3*v - 3*b = 0, 3*v + 2 = -o*b - 4. Suppose v*t + 26 = 803. Is t a composite number?
True
Let s(f) = f**2 + f - 4. Let c be s(2). Suppose -3*x - 104 = -2*q - 2*x, 2*q - 128 = -5*x. Suppose -110 - q = -c*n. Is n a prime number?
False
Let l be 391/3 + 18/27. Let u = l + 278. Is u composite?
False
Let k(r) = -r + 14. Let i be k(-10). Let x be i/(-14) - 6/21. Is ((-35)/20)/(x/8) a composite number?
False
Suppose -28 = -4*l - 4*p, 2*l = -0*l - 3*p + 18. Suppose r = -2*x + 267, -r - l*x - 520 = -3*r. Is r a prime number?
True
Suppose -v + 2 = -4. Suppose -v - 2 = -p. Is 21195/21 - p/28 composite?
False
Is (-299368)/(-20) + 15/25 a composite number?
False
Suppose r + 3*k = 6*k + 12, 56 = 4*r - 4*k. Suppose 0 = -5*w - r. Is 1*w/((-9)/249) composite